e value of 11 + (-67 - -23) + -5?
-38
Calculate -46 + (35 - (28 + -73)).
34
What is the value of ((-1 - 1) + -2 - (690 + -706)) + 11?
23
Evaluate (71 - (-78 + 145)) + -99.
-95
(-35 - (62 + -97)) + -31 + -2
-33
5 + 0 - (-37 + 30 + 12 + 1)
-1
Evaluate 60 - 3 - ((-4 - -6) + -7 - -13).
49
Evaluate 8 + (20 - 42) - -20 - -6.
12
-29 - (-21 + 25) - (8 - (1 + -3 - -1))
-42
What is the value of -76 - (-4 + -21 - 72)?
21
164 + (-37 - -17 - -25) + -48
121
(-10 - (3 - 6)) + (3 - ((3 - 11) + 3))
1
10 + -5 + (4 - 10) + -5 + (-3 - -31)
22
Calculate (9 - 21) + -7 - 25 - (-10 - 1).
-33
What is the value of -29 + 49 + 37 + -42 - (-4 - 2)?
21
6 - ((62 - 1 - 67) + 0 + 85)
-73
Evaluate 0 + -1 + 56 + -3 + -33 - 11.
8
Evaluate 6 + (-18 - -48) - 17.
19
What is (-9 - -19) + (-22 + 21 - 7 - 95)?
-93
Calculate -52 + -50 - -121 - -60.
79
727 - 692 - (1 - -18)
16
Calculate ((-23 - -46) + -22 - -2) + 2 + -97 + 13.
-79
Evaluate -11 + (10 + -10 - (7 + -14)).
-4
What is the value of (0 - (-20 - (60 - 150))) + (1 - -8) + -1?
-62
What is the value of -48 + 69 + -114 - -152?
59
Calculate 6 - (-54 + 45) - (52 - 0).
-37
Evaluate (-154 - -115 - -31) + (35 - (1 + (-1 - 0))).
27
Calculate -459 + 511 + (0 - -2 - (3 + 2)) + -1.
48
What is 101 + -2 - 3 - (134 - 262 - -132)?
92
What is -37 + (26 - 1 - (-137 + 145))?
-20
What is the value of 54 + -48 + -1 + -2 + (-2 - -104) + -4?
101
(-55 - 38) + -3 + 15 + -22
-103
(83 - -10) + -14 + (-1 - 4 - 8)
66
Calculate (-73 - (-45 + 16)) + 40.
-4
(1 - (1 - -45)) + (-433 - -395)
-83
Evaluate (22 - 7) + (-142 - -188).
61
Calculate (-15 - (-2 + (15 - 16) + -12)) + -121 + -10.
-131
-12 + -2 + 2 + (-75 - 117 - -144)
-60
What is -3 + (40 - (3 - -17)) - 82?
-65
What is (-7 + 14 + -8 - -8) + (-20 - (-10 + 1))?
-4
98 + -96 - ((11 - (-3 - (-3 - 5))) + -13)
9
What is -15 - (8 - -2 - (-3 + 82 + 8))?
62
(8 - (-12 + 14) - (18 + 3)) + 25
10
What is (137 + -36 - 58) + 0 + -6?
37
Evaluate ((-108 - -38) + 39 - (-2 - 19)) + (76 - 2).
64
What is the value of 27 - (83 - 60) - (1 + 0)?
3
(79 - -258) + -89 - 151
97
What is the value of (4 - 5 - 5) + 2 + 23?
19
Evaluate -7 - (-1 + 39 - (-987 + 997)).
-35
44 + 2 + -23 - (6 + (-12 - (-3 + 1)))
27
-13 + (5 - ((52 - 17) + -26 - (10 - 1)))
-8
Evaluate 17 + 34 + (-9 - 14).
28
What is 3 + 10 - (-2 + (-38 - -14))?
39
Evaluate -136 + 81 + -31 + 201.
115
-15 - (-38 + (25 - 4)) - -36
38
What is 0 + (11 + 1 - (-178 - -188))?
2
What is the value of -2 + -54 + 107 + -91?
-40
Evaluate 2 + 6 + -1 + (-4 - -3) - (-332 - -397).
-59
What is (11194 - 11191) + (0 - 2 - -2) + -42?
-39
What is 1622 + -1671 + 0 + -28?
-77
157 + -113 - (-108 - -102)
50
Evaluate -37 + -1 + 16553 + -16450.
65
Calculate 107 + -40 + (16 - (-25 + 34)).
74
Calculate -4 + -7 - 8 - (-19 + 9 + 21).
-30
(-118 - -190) + (-4 - 2)
66
What is (-12 - -1) + -41 + (-86 - -89)?
-49
What is the value of 19 + -31 - (-80 - -105)?
-37
What is (-1 + -4 - 3) + (1 - 4) + (-979 - -969)?
-21
Calculate -1 - -104 - (-31 + 4 + 1 - -13 - -22).
94
What is -8 + (-2 - -16 - (-62 + 12) - (2 - -8))?
46
-521 - -440 - (10 - -2)
-93
(5 - 0 - 4) + (20 - (-14 + 38 + 0))
-3
What is (221 - -3) + (2086 - 2222)?
88
-71 + (-11 + 13 - -9) + 15 + -18
-63
Calculate -21 - (-21 - -54 - 3).
-51
What is the value of (-21 + 70 - 15 - (6 + -3 - -5)) + 6?
32
What is 11 - (18 + 1) - (10 - 18) - -21?
21
What is the value of (24 - (-2 + 17 + -21)) + (-17 - -3)?
16
Evaluate 72 - (16 - 2 - (45 - (-15 + 41))).
77
-16 - (2 + 21 + -2 + 0)
-37
-10 - (-35 + 2 - ((-1 - -1) + -12)) - 58
-47
-4 + (-2 - (16 + 3 + -12)) + (-11 - -118)
94
Calculate 20 - (93 - 52 - 3).
-18
What is 746 + -745 - (-1 + 2 + -25)?
25
What is the value of 0 - -44 - (10 + (3 + -8 - (17 + -19)))?
37
What is 26 - (-36 + 44 - 40 - -47)?
11
Calculate 18 + -4 + -64 + 21.
-29
What is 17 + (-3 + -12 - 32) + 18?
-12
28 - ((-4 - 5) + -1 + 2 + 105 + -102)
33
What is 26 + (-6 - (7 - (19 - -6))) + -12 + -6?
20
What is 3 + (-1 + (4 - 3) - (37 - 40)) + 69?
75
What is the value of 2 - (-49 + 24 + -2)?
29
What is the value of 12 + 1 - (84 + -53 + -11)?
-7
42407 + -42390 + (-2 - -4 - 32)
-13
Calculate 446 + -455 - (-4 + 4 + 22 + -1).
-30
Evaluate -37 + 34 + (-77 - 0) + -67 + 67.
-80
What is the value of -8 + -82 + 353 + -187?
76
What is (-2 - 22) + (9 - (6 + -85))?
64
Calculate 1 + 81 - (184 - 330 - -124).
104
What is (0 - (0 - -8)) + (26 - 40) + 20?
-2
Calculate 3 + -23 - -78 - (4 - (-1 - -6)).
59
What is the value of 4 + 5 + 20 - (-10 + -54)?
93
What is the value of 3 - 10 - (-207 + 195) - -37?
42
What is the value of 1 - 98 - (260 + -48 + -248)?
-61
-735 + 680 + -6 + -7
-68
Evaluate -19 + 12 + 27 + (23 - 29).
14
What is -2 + -11 + -2 + 1 + 17 + (1 - -62)?
66
Calculate -88 + 92 + -81 + 71.
-6
Evaluate 105 + (-2 - (-19 - (-45 - 8))).
69
Evaluate 38 + -27 - (-13 - (-3 + -12) - (-10 - 0)).
-1
Evaluate 2811 - 2768 - (-2 + -2 + (-13 - -15) - -2).
43
Evaluate (-40 - -50) + -46 + 97.
61
-47 - (-5 + 6 + 1 + 11 + -15 - 6)
-39
Evaluate (35 - 22) + (5 - 3 - 2 - 21).
-8
Evaluate -79 + 113 + (-42 - 1).
-9
(-14 - 0) + (389 - 413)
-38
What is 876 + -859 + -1 + 1?
17
What is the value of 5 - 26 - (43 + (0 - 0))?
-64
120 + (2 - (-19 + 41)) - 7
93
What is the value of -43 - (-107 - (-101 - -20))?
-17
Evaluate -77 + 62 + (-25 - -10).
-30
What is the value of 28 - (7 + 3 + -12 + 1 + 4)?
25
What is 6 + (-4 - (38 - 53)) - (51 + -2)?
-32
What is the value of 36 + -30 - (-33 - -21)?
18
Evaluate (11 - (12 - ((-23 - -9) + 18) - 9)) + -45.
-33
(-86 - (-89 + -78)) + -40
41
Evaluate (22 - (-18 - -20)) + 3 + 14.
37
What is the value of 0 - (95 - (142 + -91))?
-44
Calculate (-14 - 0) + (6 + -32 - -1).
-39
Calculate (0 - 6) + (61 - (95 - 49)).
9
Calculate -82 - (31 + 64 + -215).
38
What is -3 + (-4 - -39) - (-8 - 5)?
45
(-1 - 42 - -2) + (-1187 - -1210) + 20
2
What is 6 + (-31 - -22) + 1 + (75 - -12)?
85
Calculate -67 + (36 + -53 + 19 - (3 + -8 - -10)).
-70
What is 16 + (-32 - -11) - (-15 + (3 - 1 - 5))?
13
(71 - 92) + (42 - -2) - (-2 + (2 - 3))
26
Evaluate 1 + 44 - (-16 + (-9 - 8) + 25).
53
What is the value of (-274 - (133 - 241)) + 178?
12
Evaluate 65 - (63 - -30 - 13).
-15
41 - (1 - -10 - (-42 - -26))
14
Evaluate -4 - (-6 - (-9 + -6)) - (-6 + 37).
-44
(-13 - 34) + 137 + -51
39
What is -52 + 2 + 55 - (-17 + 4 + 3)?
15
Calculate (-17 + -11 - -90) + -1 + -13.
48
(2 - (46 + (-22 - -3) - 9)) + -16
-32
What is the value of 50 + 35 + (-98 - -9)?
-4
What is the value of -2 - (-7 - (-14 - (-1 - 10)))?
2
What is (11 - 9) + (6 - 1) + -64 + 42?
-15
What is 47 + (11 - ((9 - 19) + 14 - -1))?
53
Evaluate (-109 - -141) + 35 + (-21 - -1) + 23.
70
Calculate (-26 - 1) + -52 + 59 + 5 + -6 + 4.
-17
What is (1 + -17 + 16 - -37) + (3 - 0)?
40
Calculate 9 + (1 + -7 + -12 - 0) - 19.
-28
Evaluate -26 + 1 - (10029 - 9993).
-61
-55 - ((-33 - 52) + -17)
47
Calculate -1 + (14 - 2) - (188 - (27 - -115)).
-35
What is the value of 4 - -11 - -2 - (-264 + 317)?
-36
Calculate 26 - (12 - (10 - -27 - 11 - 11)).
29
Calculate 25 + (87 - (189 + -32)).
-45
Evaluate -68 - (70 - 76 - 33).
-29
What is the value of 221 - 90 - 185 - -98?
44
-32 - (28 + 31 + -82)
-9
(-9 - -13) + (-34 - -69)
39
What is 140 - -5 - (-128 - -73 - -90)?
110
Evaluate (2 - -26 - 3 - 11) + (-9 - -8).
13
What is 539 + -447 - (-4 + 10 + 6 + -1)?
81
What is the value of -60 + -15 + 28 + 36?
-11
What is (22 - (50 + -19)) + 18 + (3 - -1)?
13
-6 + (-14 + -14 + 30 - -14)
10
Evaluate -8 + (-12 - (-10 - 49)) - (17 + 0 - 4).
26
Calculate -15 + 1 - (-26 + 53 + -35 + 2).
-8
Calculate -11 - (-142 + 140 - (0 + -3)) - -13.
1
What is -34 + (29 + -48 - -55)?
2
What is the value of 2 + (-62 - 15) + 24 + 3?
-48
What is (-221 - -376 - 50) + -2 + (4 - -2)?
109
What is (-6 + 6 - (-44 - -7 - 7)) + 8?
52
What is 4 + 51 - (0 + (17 - 18 - -1))?
55
What is the value of -54 + 170 + -117 + -82 + 1 + -4?
-86
What is -27 + (7 - -26 - 22) + (4 - -84)?
72
Evaluate (1 - 0 - -5) + (-60 - (-112 - 38) - -7).
103
What is the value of -10 + 26 - ((-134 - -167) + 9 + -1)?
-25
What is the value of 748 - 715 - ((23 - 0) + 0)?
10
What is the value of (5 + -5 - 14) + (48 - (-7 - -29))?
12
What is the value of -2 + 18 + 3 + -35 + (3 - -5)?
-8
What is 114 - (-5 - (-205 - -138))?
52
What is the value of (-7 - -12 - 9) + -8 + 12 - -7?
7
What is the value of (-20 - -6) + (15 - 5) + 55 + -42?
9
Calculate (29 - -1) + 1 